remainder when 28480 is divided by 64?
0
Calculate the remainder when 426 is divided by 23.
12
Calculate the remainder when 551 is divided by 62.
55
What is the remainder when 57792 is divided by 39?
33
What is the remainder when 1212 is divided by 54?
24
Calculate the remainder when 623 is divided by 182.
77
What is the remainder when 56718 is divided by 111?
108
Calculate the remainder when 27251 is divided by 2094.
29
What is the remainder when 33036 is divided by 51?
39
Calculate the remainder when 14675 is divided by 3661.
31
What is the remainder when 367596 is divided by 1182?
1176
What is the remainder when 103148 is divided by 678?
92
What is the remainder when 639357 is divided by 149?
147
What is the remainder when 182488 is divided by 182473?
15
Calculate the remainder when 156880 is divided by 66.
64
Calculate the remainder when 37668 is divided by 515.
73
Calculate the remainder when 491714 is divided by 315.
314
Calculate the remainder when 24313 is divided by 677.
618
What is the remainder when 7551 is divided by 584?
543
What is the remainder when 447943 is divided by 3068?
15
What is the remainder when 8103 is divided by 1959?
267
Calculate the remainder when 4687 is divided by 670.
667
Calculate the remainder when 15606 is divided by 339.
12
What is the remainder when 18219 is divided by 18218?
1
Calculate the remainder when 291612 is divided by 87.
75
What is the remainder when 6058 is divided by 403?
13
What is the remainder when 2901 is divided by 126?
3
What is the remainder when 1453 is divided by 425?
178
Calculate the remainder when 26193 is divided by 8731.
0
Calculate the remainder when 208514 is divided by 6.
2
What is the remainder when 23821 is divided by 10808?
2205
Calculate the remainder when 2755324 is divided by 1504.
1500
What is the remainder when 213858 is divided by 24?
18
What is the remainder when 2268 is divided by 1554?
714
What is the remainder when 6646 is divided by 206?
54
What is the remainder when 36284 is divided by 211?
203
Calculate the remainder when 845 is divided by 83.
15
What is the remainder when 209588 is divided by 1191?
1163
What is the remainder when 1421 is divided by 20?
1
What is the remainder when 3970 is divided by 403?
343
What is the remainder when 56804 is divided by 338?
20
Calculate the remainder when 709 is divided by 151.
105
What is the remainder when 24208 is divided by 109?
10
Calculate the remainder when 289749 is divided by 5913.
12
What is the remainder when 389020 is divided by 4744?
12
What is the remainder when 15825 is divided by 1957?
169
What is the remainder when 1214671 is divided by 21?
10
What is the remainder when 3140 is divided by 390?
20
What is the remainder when 30915 is divided by 1413?
1242
Calculate the remainder when 175802 is divided by 228.
14
Calculate the remainder when 63502 is divided by 441.
439
What is the remainder when 487753 is divided by 53?
47
Calculate the remainder when 8132 is divided by 109.
66
What is the remainder when 2563 is divided by 171?
169
What is the remainder when 15172 is divided by 7566?
40
What is the remainder when 931787 is divided by 44?
43
Calculate the remainder when 12876 is divided by 331.
298
Calculate the remainder when 145080 is divided by 48355.
15
What is the remainder when 77880 is divided by 185?
180
Calculate the remainder when 2212 is divided by 92.
4
Calculate the remainder when 44319 is divided by 5.
4
Calculate the remainder when 517987 is divided by 17.
14
Calculate the remainder when 4524 is divided by 358.
228
What is the remainder when 141313 is divided by 412?
409
Calculate the remainder when 222 is divided by 87.
48
What is the remainder when 285509 is divided by 6?
5
What is the remainder when 28765 is divided by 16?
13
What is the remainder when 3805 is divided by 19?
5
Calculate the remainder when 6601 is divided by 1304.
81
Calculate the remainder when 66275 is divided by 192.
35
What is the remainder when 1323 is divided by 651?
21
Calculate the remainder when 120590 is divided by 66.
8
What is the remainder when 354976 is divided by 18682?
18
What is the remainder when 28488 is divided by 2589?
9
Calculate the remainder when 45106 is divided by 571.
568
Calculate the remainder when 8727 is divided by 2745.
492
Calculate the remainder when 6882 is divided by 100.
82
Calculate the remainder when 22675 is divided by 315.
310
Calculate the remainder when 133059 is divided by 331.
328
Calculate the remainder when 441050 is divided by 147014.
8
Calculate the remainder when 145769 is divided by 78.
65
Calculate the remainder when 18663 is divided by 366.
363
What is the remainder when 1257788 is divided by 73?
71
What is the remainder when 70506 is divided by 659?
652
Calculate the remainder when 442 is divided by 4.
2
What is the remainder when 124602 is divided by 38?
0
What is the remainder when 79658 is divided by 160?
138
What is the remainder when 262962 is divided by 1069?
1057
What is the remainder when 130380 is divided by 14?
12
What is the remainder when 11942 is divided by 55?
7
Calculate the remainder when 68 is divided by 13.
3
What is the remainder when 13240 is divided by 53?
43
Calculate the remainder when 1869 is divided by 14.
7
Calculate the remainder when 225326 is divided by 321.
305
Calculate the remainder when 2415 is divided by 773.
96
What is the remainder when 8597 is divided by 54?
11
What is the remainder when 90474 is divided by 329?
328
What is the remainder when 4034 is divided by 39?
17
What is the remainder when 404010 is divided by 134663?
21
Calculate the remainder when 91464 is divided by 13.
9
What is the remainder when 6449 is divided by 5323?
1126
Calculate the remainder when 178942 is divided by 611.
530
What is the remainder when 7528 is divided by 110?
48
What is the remainder when 419345 is divided by 1051?
1047
Calculate the remainder when 597 is divided by 205.
187
Calculate the remainder when 176214 is divided by 82.
78
What is the remainder when 41604 is divided by 6934?
0
What is the remainder when 30461 is divided by 39?
2
Calculate the remainder when 4176 is divided by 58.
0
Calculate the remainder when 12036 is divided by 56.
52
What is the remainder when 8336 is divided by 597?
575
What is the remainder when 456 is divided by 122?
90
What is the remainder when 148293 is divided by 3707?
13
What is the remainder when 1672 is divided by 440?
352
What is the remainder when 2821 is divided by 37?
9
Calculate the remainder when 12878 is divided by 252.
26
Calculate the remainder when 7846 is divided by 8.
6
Calculate the remainder when 197742 is divided by 65907.
21
What is the remainder when 13822 is divided by 223?
219
Calculate the remainder when 6256 is divided by 778.
32
What is the remainder when 23822 is divided by 11?
7
What is the remainder when 2837 is divided by 358?
331
Calculate the remainder when 564617 is divided by 129.
113
What is the remainder when 585 is divided by 330?
255
What is the remainder when 18092 is divided by 5692?
1016
Calculate the remainder when 4182 is divided by 2009.
164
What is the remainder when 97150 is divided by 205?
185
What is the remainder when 1439 is divided by 806?
633
What is the remainder when 5368 is divided by 2680?
8
Calculate the remainder when 437368 is divided by 145786.
10
Calculate the remainder when 1115 is divided by 533.
49
Calculate the remainder when 8147 is divided by 50.
47
Calculate the remainder when 3853 is divided by 27.
19
What is the remainder when 47911 is divided by 144?
103
Calculate the remainder when 2708 is divided by 85.
73
What is the remainder when 5281 is divided by 254?
201
What is the remainder when 100780 is divided by 438?
40
What is the remainder when 468 is divided by 385?
83
What is the remainder when 56261 is divided by 28128?
5
Calculate the remainder when 13848 is divided by 243.
240
What is the remainder when 369809 is divided by 92433?
77
What is the remainder when 1831 is divided by 222?
55
What is the remainder when 32439 is divided by 5404?
15
What is the remainder when 1495430 is divided by 16?
6
What is the remainder when 41660 is divided by 61?
58
Calculate the remainder when 919205 is divided by 669.
668
Calculate the remainder when 5234 is 